?
2
Let a be 6/(-4 - (-5 + 2)). Let t = 17 + a. Calculate the greatest common factor of t and 99.
11
Suppose 0 = -d + 5*g + 61, 5*d - 3*g + g = 282. What is the greatest common factor of 7 and d?
7
Suppose -40 = -2*v + 5*a, 2*v + 2*a = -2*v + 32. Calculate the highest common factor of 15 and v.
5
Let t = -8 - -7. Let s = 89 - t. Let n(j) = j**2 + j - 5. Let g be n(-5). What is the highest common factor of g and s?
15
Let j be -1 + (-27)/(2 + -5). Let b(k) = -k + 4. Let d be b(-4). Calculate the highest common divisor of j and d.
8
Let q(w) = w + 1. Let r be q(-1). Suppose -3*i = 2*l + l - 12, -2*l - 10 = r. Calculate the highest common divisor of i and 27.
9
Let s(c) = -c + 5. Let k be s(4). Let z be k/2*(-12)/(-3). Suppose 0 = -2*l - d + 165 - 15, 2*l + z*d = 146. Calculate the greatest common divisor of l and 11.
11
Let k = 26 - 12. Calculate the greatest common divisor of 14 and k.
14
Let x be (-5)/(15/33)*-1. What is the highest common factor of 33 and x?
11
Let j = 20 - 13. Suppose 20 = -2*r + j*r. Calculate the greatest common divisor of r and 32.
4
Suppose -23 = -5*i + 2*s, -2*s - 7 - 11 = -4*i. What is the highest common divisor of 40 and i?
5
Let j = 3 + 5. Suppose 0*v - 2*v - 6 = -3*f, -3*v + 4*f = 8. Let i = j + v. Calculate the greatest common divisor of 2 and i.
2
Suppose 0 = j + 9 - 11. Let v be 2/4*j + 1. What is the greatest common divisor of 10 and v?
2
Suppose h - 6 = -4. Suppose 0 = -q - 5*y + 65, 2*q - 6*q - h*y = -260. What is the highest common factor of 26 and q?
13
Let z(j) = j**3 + 8*j**2 + 4*j - 1. Let l be z(-7). Suppose 3*m - k + 0*k = 297, -4*m - 2*k = -406. What is the highest common factor of l and m?
20
Suppose 12 = -2*b - 0. Let l(s) be the first derivative of -s**3/3 - 3*s**2 + 2*s - 1. Let g be l(b). What is the greatest common factor of 2 and g?
2
Let c(m) = -m + 8. Let f be c(7). Let t(n) = -n + 15. Let l be t(7). Suppose -2*i - l = -24. What is the highest common divisor of i and f?
1
Suppose 404 + 100 = 24*x. Suppose -q + 0*q = -y - 233, -y - 2 = 0. What is the greatest common factor of x and q?
21
Let u be 0/3 - (76 + 4). Let w = 114 + u. Calculate the highest common factor of w and 85.
17
Let w be (-4)/(-5)*130/4. Let q = 44 - 31. Calculate the highest common factor of w and q.
13
Suppose -k = 2*k - 126. Suppose -3*z = 3*z - k. What is the greatest common factor of 35 and z?
7
Suppose -3*l = -l + 10. Suppose 2*w = 2*u - 4, -3*w + 10 = 5*u - w. Let a be 11/(-3)*(u + l). Calculate the greatest common factor of 88 and a.
11
Let f = 48 - 33. Suppose 2*r - 3 = 17. What is the greatest common factor of r and f?
5
Let a = -9 + 8. Let q be 1 - ((-57)/(-3))/a. What is the greatest common divisor of 30 and q?
10
Suppose -4*q + 4*s + 90 = -62, -s - 158 = -4*q. Calculate the highest common divisor of 4 and q.
4
Let g(p) = p**3 + 8*p**2 + 8*p + 2. Let y be g(-6). What is the highest common divisor of y and 65?
13
Let h = -38 - -68. Let s be ((-3)/(-5))/(6/h). Suppose -s*y + 2 = -3*k - 7, 4*y - k - 21 = 0. Calculate the highest common factor of y and 66.
6
Suppose -35 = -4*p + 17. What is the greatest common divisor of 52 and p?
13
Let y be 297/12 - 3/4. Calculate the highest common divisor of 6 and y.
6
Suppose 1 = -4*y + 37. Let i be (4/2)/(-2) + 1. Suppose -4*m + y*m - 60 = i. What is the highest common factor of 18 and m?
6
Let t(c) = -53*c**2 + 29*c - 20. Let g(j) = -13*j**2 + 7*j - 5. Let p(d) = -9*g(d) + 2*t(d). Let m be p(2). Calculate the highest common factor of 26 and m.
13
Let d(j) = -3*j**2 + 2*j - 1. Let b be d(2). Let s = -6 - b. Suppose 180 = s*p + 2*p. What is the greatest common factor of p and 4?
4
Let s = 12 - 1. Let h = s - 9. Let o be h - (-3 - -3)/(-1). Calculate the highest common divisor of 12 and o.
2
Let p(x) be the third derivative of 19*x**5/60 + x**4/24 - x**3/6 - 2*x**2. Let u be p(1). Let f = -8 + u. What is the highest common factor of f and 11?
11
Suppose -3*n = 3*y + 3, -5*y - 2*n = -2 - 5. Let a be 0 + 4 - y/(-3). Suppose -20 = -0*v - a*v, -m - 18 = -5*v. What is the highest common factor of m and 5?
1
Let j = 146 - 98. Suppose 0 = 3*z - 3*i + j - 129, 4*z + i - 108 = 0. Calculate the highest common divisor of z and 3.
3
Let d(i) = 120*i**3 + i**2 - i + 1. Suppose a - 4 = -3*a. Let z be d(a). What is the highest common divisor of z and 11?
11
Let f be (-6 - -3) + 2 + 1. Suppose f = -4*h - 0*h + 96. Suppose -2*c = 2*c - 2*n - 14, 5*n - 4 = -3*c. What is the highest common divisor of h and c?
3
Let x = -122 - -202. Let y(p) = -p**2 + 10*p - 7. Let s be y(5). Suppose s = r - 2. What is the highest common factor of r and x?
20
Suppose 4*s = r + 3*s - 13, 4*r + 2*s - 46 = 0. Let n be 4/((-177)/(-57) + -3). Let j = 134 - n. What is the greatest common divisor of j and r?
12
Suppose -2*h = 8, -2*n + 2*h - 23 = -173. Let f = n + -44. Calculate the highest common factor of f and 18.
9
Let u = -5 - -7. Let b be (-3)/(-12) - (-117)/12. What is the highest common divisor of u and b?
2
Suppose -4*t + 133 = -35. Let p = t - 28. Suppose -6*o = 37*o - 2408. What is the highest common factor of p and o?
14
Let n = -230 + 242. Let x be 1 + 46/(2*1). What is the greatest common factor of x and n?
12
Suppose 0 = r - 4*w - 27, -w - 78 - 19 = -5*r. Calculate the highest common divisor of 209 and r.
19
Let j be -1 + 0/(-2) + 2 - -71. What is the highest common factor of j and 9?
9
Suppose -3*l - 12 = i, -8 = -0*i + 2*i + 2*l. Suppose i = -6*z + 21 + 45. Calculate the greatest common divisor of z and 11.
11
Let c(o) = -2*o + 64. Let z be c(22). Calculate the greatest common divisor of z and 30.
10
Suppose -3 = m - 4, 4*h = 3*m + 261. Calculate the highest common factor of h and 165.
33
Suppose u + 319 = 5*m - 0*u, 5*u = -4*m + 261. What is the highest common factor of 32 and m?
32
Suppose i - 6*i = -20. Suppose 0 = -3*u + u + i. Suppose -u = 5*g + 8, -4*g = w. Calculate the highest common divisor of 16 and w.
8
Let q = 7 + -4. Suppose -4*m + 4 = -2*x - q*m, 2*x = 2*m - 4. Let d be x - (0 + (0 - 13)). What is the highest common divisor of 44 and d?
11
Let i(d) = -1 - 1 - 7*d - 8 + 0*d**2 + d**2. Let f be i(9). Let h = -38 - -78. What is the highest common factor of h and f?
8
Let c be (-10 + -1)*-1 + 0. Let r be c*(2 + 0 + -1). What is the greatest common factor of 22 and r?
11
Let y(n) = -n + 4. Let p be y(0). Suppose -p*f = -307 - 85. Calculate the highest common divisor of f and 14.
14
Let x = 107 + -98. Calculate the greatest common divisor of x and 63.
9
Let l be (3 - (-14)/(-4))*-16. Suppose -o - 2*p = -14 - 58, -2*p - l = 0. Let j = 18 - 8. What is the highest common divisor of o and j?
10
Suppose 2*d + 0*d = -3*f + 170, 2*f + 406 = 5*d. Suppose -38 = -4*k + d. What is the highest common divisor of k and 12?
6
Let l(o) = o**2 + 5*o - 1. Let m be l(-6). What is the greatest common factor of 20 and m?
5
Let y = -53 - -77. Let i(x) = x**3 + 7*x**2 - 2*x - 6. Let z be i(-7). What is the greatest common factor of z and y?
8
Suppose 3*q - 8 - 1 = 0. Let d(p) = p**3 - p**2 + p - 3. Let k be d(q). What is the highest common factor of k and 2?
2
Suppose 104 = -16*o + 18*o. Calculate the highest common divisor of o and 4.
4
Suppose 4*q + 8 = -0. Let l = 4 + q. Let a be 0 + (l - 4) - -9. What is the greatest common factor of a and 77?
7
Suppose 0 = 3*k - 2*v + 6, 0*v + 5*v - 15 = -2*k. Suppose k = -4*j - j + 40. What is the highest common divisor of 8 and j?
8
Suppose -20 = 4*f - 8*f. Calculate the greatest common factor of f and 80.
5
Let t = -5 + 7. Suppose -v - t*g + 65 = 0, -4*g + 210 = 3*v - g. Suppose 13 + 7 = -4*b, -2*o + 55 = -5*b. Calculate the highest common divisor of o and v.
15
Let t = 57 + -32. Calculate the greatest common factor of 200 and t.
25
Suppose 6 = 2*f + f. Calculate the highest common factor of f and 8.
2
Let p(y) = 5*y**2 + 3*y - 11. Let h be p(-4). What is the greatest common divisor of h and 19?
19
Let y = 6 + 30. Suppose 10 = 2*p - 8. Calculate the highest common divisor of y and p.
9
Let v = -18 + 43. What is the greatest common divisor of 5 and v?
5
Let w(k) = 5*k - 6. Let p be w(14). Calculate the greatest common factor of 16 and p.
16
Suppose -j - 4 = -23. Let l = j + -10. Calculate the highest common factor of 18 and l.
9
Let w = 12 + -18. Let u = w + 10. Let o be (u/(-6